(o) = 2*o - 16. Determine g(11).
6
Let z(k) = -22*k + 214. What is z(10)?
-6
Let p(a) = -2*a**3 - 12*a**2 + 5*a - 40. Calculate p(-7).
23
Let m(c) = 2*c - 3. Give m(4).
5
Let u(p) = -p**3 + 7*p**2 - 8*p + 2. Determine u(6).
-10
Let p(w) = -w**3 - w - 3. Calculate p(-2).
7
Let n(v) = v**3 + 7*v**2 - 19*v + 15. Calculate n(-9).
24
Let u(o) = -o**3 - 7*o**2 - 2*o - 17. Calculate u(-7).
-3
Let z(x) = x**2 + 2*x - 58. Determine z(-8).
-10
Let h(z) = 5*z - 5. Determine h(-8).
-45
Let g(r) = -r**3 + 14*r**2 + 13*r - 3. Give g(15).
-33
Let z(w) = 2*w**3 - 17*w**2 - 7*w - 23. Calculate z(9).
-5
Let b(j) = 32*j**3 + j**2 - j + 1. Determine b(1).
33
Let r(a) = -a + 1. What is r(-3)?
4
Let k(p) = 5*p**3 + p + 2. Determine k(2).
44
Let i(o) = -o**3 - 10*o**2 + 8*o + 25. Calculate i(-9).
-128
Let m(y) = 5*y - 8. Give m(2).
2
Let f(p) = p**3 - 11*p**2 + 27*p - 15. Determine f(8).
9
Let l(b) = -b**3 - 18*b**2 - 2*b - 35. Determine l(-18).
1
Let g(x) = x**3 - 23*x**2 + 92*x - 42. What is g(18)?
-6
Let v(h) = -4*h**3 - h**2 + h. Determine v(1).
-4
Let u(d) = d**2 + 10*d - 14. Give u(-12).
10
Let i(d) = -4*d + 6. Determine i(-8).
38
Let s(x) = -x**2 + 10*x - 8. Calculate s(9).
1
Let s(y) = -y**3 - 32*y**2 + 106*y + 34. What is s(-35)?
-1
Let m(c) = c + 20. Give m(-7).
13
Let h(j) = j**3 + 8*j**2 - 22*j - 14. Calculate h(-10).
6
Let n(g) = g**2 + 6*g - 4. Determine n(-3).
-13
Let c(k) = -k - 4. Calculate c(3).
-7
Let s(d) = -d**3 - 18*d**2 - 2*d - 29. Determine s(-18).
7
Let d(w) = w**3 + 14*w**2 + 17*w + 26. Determine d(-12).
110
Let h(i) = i**2 + 8*i + 82. What is h(-10)?
102
Let m(l) = 3*l**2 - l - 1. Calculate m(-1).
3
Let s(x) = 3*x + 3. What is s(4)?
15
Let m(g) = 5*g + 1. Give m(-1).
-4
Let l(d) = -44*d**2 + 3*d + 1. Give l(-1).
-46
Let r(n) = -3*n**2 - 5*n + 18. Give r(4).
-50
Let m(t) = -t**2 - 15*t - 60. Calculate m(-7).
-4
Let s(b) = -2*b**3 + 8*b**2 - 3*b - 6. Determine s(3).
3
Let i(t) = t**3 - 2*t**2 - t - 1. What is i(0)?
-1
Let f(d) = 4*d**3 + d**2 + 9*d + 15. Determine f(-2).
-31
Let l(m) = -m**2 + 7*m + 6. Calculate l(8).
-2
Let q(u) = u**2 - 16*u - 13. Calculate q(17).
4
Let z(k) = -9*k - 341. Give z(-36).
-17
Let a(j) = 74*j + 372. Give a(-5).
2
Let h(q) = 33*q**3 + 3*q**2 - 1. Give h(-1).
-31
Let w(c) = -10*c - 753. What is w(-75)?
-3
Let x(p) = p**2 - 2*p - 14. Determine x(7).
21
Let m(k) = 2*k**2 - 35*k - 124. What is m(20)?
-24
Let h(m) = -13*m**2 + 8*m + 6. What is h(-1)?
-15
Let n(t) = -56*t - 362. What is n(-6)?
-26
Let s(q) = -31*q + 48. Determine s(4).
-76
Let j(g) = 5*g**3 - 81*g**2 + 10*g + 14. What is j(16)?
-82
Let v(m) = 18*m**3 - m**2 + 2*m - 1. Calculate v(1).
18
Let p(g) = -19*g - 82. Give p(-4).
-6
Let s(n) = -6*n**3 + n**2 - 4*n + 3. What is s(1)?
-6
Let o(d) = -5*d**2 - 4*d - 5. Give o(-2).
-17
Let s(a) = -a**3 + 6*a**2 + 2*a - 4. Give s(7).
-39
Let r(s) = s**2 + 3*s + 7. What is r(10)?
137
Let w(x) = -6*x - 19. Calculate w(-4).
5
Let a(u) = u**3 + 19. Determine a(0).
19
Let f(w) = -w**3 - 6*w**2 - 6*w. What is f(-5)?
5
Let y(u) = -7*u**2 - 4*u - 6. Determine y(-3).
-57
Let w(x) = 3*x**2 + x - 1. Calculate w(2).
13
Let p(s) = -s - 41. Give p(-44).
3
Let d(h) = -h**2 - 18*h - 24. Give d(-17).
-7
Let o(q) = -2*q**2 - 12*q + 3. Give o(-9).
-51
Let n(b) = b**2 + b - 3. Determine n(-4).
9
Let l(w) = w**2 + 4*w - 6. Calculate l(-12).
90
Let r(g) = -g**2 + 15*g - 1. Determine r(15).
-1
Let l(j) = j + 11. Calculate l(-13).
-2
Let u(k) = -9*k + 15. What is u(8)?
-57
Let w(j) = j**3 - j + 13. What is w(0)?
13
Let y(f) = -36*f + 1. What is y(-1)?
37
Let r(n) = 5*n - 29. Give r(6).
1
Let r(d) = -14*d + 9. What is r(4)?
-47
Let p(i) = i**3 - 23*i**2 - 5*i + 102. What is p(23)?
-13
Let c(h) = -h**3 + h**2 + 3*h - 4. Give c(3).
-13
Let f(c) = c**2 - 7*c + 5. Determine f(4).
-7
Let g(x) = -x**3 + 42*x**2 + 236*x - 52. What is g(47)?
-5
Let h(t) = -t**3 - 2*t**2 + 3*t + 1. What is h(-3)?
1
Let k(q) = q**3 + 7*q**2 + 8*q + 8. Calculate k(-6).
-4
Let f(j) = -2*j + 4. Give f(-8).
20
Let d(r) = r**2 + 17*r + 33. Determine d(-14).
-9
Let p(f) = -f**3 + 6*f**2 - 3*f + 15. Calculate p(6).
-3
Let x(c) = -c**3 - 2*c**2 + 5*c + 13. Give x(-4).
25
Let t(s) = s**2 + s - 58. Determine t(0).
-58
Let j(r) = -2*r**2 - 26*r + 27. Determine j(-14).
-1
Let w(u) = u + 14. What is w(8)?
22
Let l(u) = u**3 + 26. What is l(0)?
26
Let u(y) = 3*y**2 + 9. Calculate u(0).
9
Let j(z) = z - 3. Determine j(-7).
-10
Let x(m) = m**2 + 8*m - 8. What is x(-10)?
12
Let f(j) = -j**3 - 11*j**2 + 10*j - 29. What is f(-12)?
-5
Let r(q) = 11*q**2 - 2*q - 1. Give r(1).
8
Let f(n) = -n**3 - 3*n**2 + 5*n - 3. Give f(2).
-13
Let k(f) = -f**3 + 21*f**2 + 4*f - 90. Determine k(21).
-6
Let s(m) = -m**2 + 2*m + 1. What is s(5)?
-14
Let f(i) = -2*i**2 + 13*i - 22. Calculate f(10).
-92
Let h(z) = -8*z + 108. Give h(13).
4
Let l(t) = -t**3 + 2*t**2 + t - 4. Determine l(-2).
10
Let w(h) = -h**2 + 21*h - 20. Calculate w(10).
90
Let p(z) = 2*z**2 + 3*z - 4. What is p(-3)?
5
Let m(r) = r**3 - 8*r**2 + 8*r + 9. Calculate m(7).
16
Let r(m) = -m**3 + 5*m**2 + 4*m - 5. Calculate r(4).
27
Let i(h) = -h**2 + 14*h + 21. Give i(14).
21
Let i(h) = h**3 - 2*h + 3. Give i(2).
7
Let n(w) = -w + 5. Determine n(6).
-1
Let u(p) = -40*p - 1447. What is u(-36)?
-7
Let r(x) = x**3 - 5*x**2 - 27*x + 10. Calculate r(8).
-14
Let p(i) = -i**3 - 27*i**2 - 28*i - 41. What is p(-26)?
11
Let x(l) = l**3 - 9*l**2 - 21*l - 13. Determine x(11).
-2
Let z(t) = -t - 4. Give z(-6).
2
Let y(t) = 2*t + 1. Determine y(-6).
-11
Let l(t) = t**3 + 5*t**2 - t - 8. Calculate l(-6).
-38
Let i(j) = j**2 + 2*j + 5. Calculate i(-2).
5
Let h(q) = -q - 9. Determine h(5).
-14
Let i(c) = -c**3 - 4*c + 2. Determine i(3).
-37
Let l(r) = -2*r**2 + 28*r + 17. Give l(15).
-13
Let s(v) = -v**3 - 10*v**2 - 4*v + 30. Calculate s(-9).
-15
Let j(o) = -4*o**2 - 45*o + 8. Calculate j(-9).
89
Let i(s) = 5*s - 7. Give i(3).
8
Let c(n) = -n**2 - 2*n + 3. Determine c(6).
-45
Let x(s) = s + 14. What is x(-7)?
7
Let h(s) = s**3 - 8*s**2 + 8*s - 14. Give h(7).
-7
Let u(g) = 12*g + 56. Give u(-6).
-16
Let d(s) = 39*s. What is d(-1)?
-39
Let b(i) = 6*i - 31. Give b(4).
-7
Let t(p) = -10*p + 77. Give t(7).
7
Let q(k) = -k**3 + 3*k**2 + 7*k - 6. Calculate q(5).
-21
Let l(j) = j**2 - 21*j + 1. Determine l(22).
23
Let l(k) = 2*k + 27. Calculate l(-14).
-1
Let n(g) = -g**2 + 32*g + 151. Calculate n(36).
7
Let c(l) = -l**2 - 7*l + 7. What is c(-9)?
-11
Let t(q) = 5*q**2 - q + 21. Give t(4).
97
Let p(h) = -h + 20. Determine p(5).
15
Let o(m) = 14*m**3 + 3*m**2 - 4*m. Give o(1).
13
Let w(p) = -4*p + 18. Give w(4).
2
Let s(c) = 16*c - 124. Give s(8).
4
Let g(k) = -2*k**3 + 13*k**2 - 14*k + 50. What is g(6)?
2
Let w(x) = -x**2 - 9*x - 10. Give w(-8).
-2
Let f(v) = -v**3 - 12*v**2 - 12*v - 17. Calculate f(-11).
-6
Let j(r) = 2*r**2 + 9*r + 3. Give j(-5).
8
Let n(z) = -44*z + 489. Give n(11).
5
Let g(s) = 8*s - 5. Determine g(3).
19
Let j(r) = 2*r**3 - 9*r**2 - 17*r. Determine j(6).
6
Let c(i) = -24*i - 117. Calculate c(-6).
27
Let n(p) = -2*p - 14. What is n(-16)?
18
Let i(r) = -2*r**2 + 26*r - 8. Give i(13).
-8
Let r(w) = -w**3 + 15*w**2 - 2*w + 12. What is r(15)?
-18
Let q(j) = -2*j**2 - 5*j - 5. Calculate q(-3).
-8
Let d(w) = -3*w + 18. Give d(21).
-45
Let z(d) = 4*d - 32. Calculate z(5).
-12
Let b(v) = 3*v. Determine b(-5).
-15
Let t(g) = g + 3. Give t(10).
13
Let f(d) = 2*d**2 + 24*d - 127. What is f(-16)?
1
Let v(g) = -13*g + 20. Give v(1).
7
Let v(m) = -m**2 + 11*m - 13. Calculate v(9).
5
Let c(s) = -2*s**2 - 4*s + 8. Calculate c(-3).
2
Let c(r) = -r**2 - 8*r + 5. What is c(-9)?
-4
Let g(d) = -5*d + 30. What is g(-4)?
50
Let q(y) = -y**3 + 12*y**2 + 8*y - 15. What is q(13)?
-80
Let z(s) = s**3 + 8*s**2 + 11*s + 13. What is z(-7)?
-15
Let d(i) = i**2 - 20*i + 24. Determine d(22).
68
Let c(n) = n**3 + 14*n**2 + 37*n - 29. Determine c(-10).
1
Let q(b) = 2*b - 2. Determine q(5).
8
Let z(m) = -m**2 + m + 22. Calculate z(-5).
-8
Let h(w) = -w**3 + 3*w**2 + 2*w - 1. Give h(4).
-9
Let j(x) = -x - 6. What is j(11)?
-17
Let o(b) = 2*b**3 + 4*b**2 + 4*b + 2. Give o(-2).
-6
Let m(j) = -j**3 + 6*j**2 - j - 12. Calculate m(5).
8
Let p(z) = -z**3 + 9*z**2 - 7*z - 8. Calculate p(8).
0
Let t(o) = -20*o**2 - 1. Calculate t(-2).
-81
Let k(f) = -18*f**3 - 2*f**2 + 1. Give k(1).
-19